= 0, -829 - 763 = -5*t - 4*s. Let i = -3910 - -3950. What is the greatest common divisor of i and t?
40
Suppose -2*g - 5*b = -86, 0 = -3*g + 3*b - 988 + 1054. What is the highest common divisor of g and 708?
4
Let m = 501 - 501. Suppose 6*p - 106 - 164 = m. What is the highest common factor of p and 255?
15
Suppose -38*v + 124502 + 14122 = 0. What is the greatest common factor of 57 and v?
57
Let n(f) = -23*f + 10. Let c be n(-6). Suppose -275*m + 944 - 552 = -1808. Calculate the greatest common factor of c and m.
4
Suppose 97*w - 71719 - 25639 = 45717. What is the greatest common factor of w and 125?
25
Suppose b - 6*d + 7*d = 10, -4*b - 3*d + 44 = 0. Let n be (-1 + 1/(-3))*36. Let v be 136/10 + n/(-120). What is the greatest common factor of b and v?
14
Let z be (-7473)/106*(-8)/12. What is the greatest common divisor of 1081 and z?
47
Let n be (18/(-15))/(6/(-20)). Suppose -n*k + 12 + 12 = 0. Let r be 15*k*(-4)/(-36). Calculate the highest common divisor of r and 70.
10
Suppose 3*d + 111 = 3*v, 2*v - 2*d = 6*v - 166. Suppose -v - 4 = -4*q. Suppose -5*m = -114 + 4. Calculate the greatest common factor of m and q.
11
Suppose 55*i - 23*i - 18*i = 5474. What is the highest common factor of i and 1081?
23
Let s be (-1 - -30192 - 2) + -9 + 0. Calculate the greatest common factor of 10 and s.
10
Suppose 7*z - 16*z = 20*z - 3654. Calculate the highest common factor of 8 and z.
2
Let x(u) = 12*u - 86. Let v be x(-3). Let j = 28 - v. What is the greatest common divisor of 225 and j?
75
Let r(b) = b**2 - 18*b - 196. Let i be r(-15). Calculate the greatest common divisor of i and 26.
13
Suppose -10*g + 9*g + 431 = -v, -3*g - 4*v = -1237. What is the highest common divisor of 153 and g?
9
Let n = 900 + -890. Calculate the greatest common divisor of 1835 and n.
5
Let c(b) = -2*b**2 + 6*b - 15. Let j be c(9). Let a = -54 - j. Let p be (-91 - 1)*(-14)/56. What is the greatest common divisor of p and a?
23
Let k be ((-18)/(-4))/(3/12). Suppose 0 = y - k + 13. Let t be 3 - y - (-9 + 6/2). Calculate the greatest common factor of 18 and t.
2
Let v(t) = -108*t - 1260. Let p be v(-12). Calculate the highest common factor of 2532 and p.
12
Let p = 1074 - -5. Calculate the highest common divisor of p and 39.
13
Suppose -44*i = -7918 - 33970. What is the highest common factor of i and 168?
56
Let a = -2258 - -2888. Calculate the highest common factor of a and 330.
30
Let s be 6/(-8)*(-3)/(-12)*(-4416)/36. What is the highest common factor of s and 5?
1
Suppose -8 + 80 = 2*f. Let g = -36 + f. Let w(i) = 3*i + 10. Let k be w(g). What is the highest common divisor of 2 and k?
2
Let c be (-2)/(9 - 3077/340). Calculate the highest common divisor of 15 and c.
5
Let t be 64/10 + (-117)/(-195). Suppose 630 = t*s - 805. Calculate the greatest common factor of 41 and s.
41
Let t be (29 - 9)*234/15. What is the highest common factor of 611 and t?
13
Suppose 69 - 55 = 29*o - 73. Calculate the highest common divisor of o and 768.
3
Suppose q + 7*m - 2*m - 240 = 0, -4*q + 982 = -2*m. Suppose 0 = -6*y + 151 + q. Calculate the greatest common divisor of y and 176.
22
Let r be (-22152)/(-84) + (-6)/(-21). Suppose -15*t - r = -37*t. Calculate the highest common factor of 60 and t.
12
Suppose 0 = -24*s + 3 + 69. Suppose 0*c + 786 = 4*p + 2*c, -p = -s*c - 207. Let d = 3 - -19. Calculate the greatest common divisor of p and d.
22
Let l(u) = -u**3 - 83*u**2 + 84*u + 141. Let a be l(-84). What is the highest common factor of 3 and a?
3
Suppose 0 = 89*s - 88*s - 2*l - 2022, 4*s - 5*l = 8085. What is the highest common factor of 20 and s?
20
Let u = -1743 - -1951. What is the highest common divisor of 4888 and u?
104
Let k(s) = 3*s**2 + 233*s - 122. Let y be k(-83). What is the greatest common factor of y and 576?
18
Let o be (-2)/(-4) + 378/12. Let g be 9872/10 + 4/(-20) - -5. Calculate the greatest common factor of g and o.
32
Let a(l) = -5*l + 182. Let w be a(16). Let z be 2/(16/1020)*2. What is the highest common factor of w and z?
51
Suppose 3*n = -3*c + 15, 0 = c - 0*c - 5*n - 5. Suppose -107 + 62 = -c*k. Calculate the highest common factor of k and 15.
3
Let g(x) = 4*x - 13. Let q be 176/6 + (-14)/(-21). Suppose -2*d - 10 = 0, 2*d = -5*o - d + q. Let w be g(o). Calculate the greatest common divisor of w and 46.
23
Suppose 5*k - 95 = -w, 3*k - 321 = 3*w - 6*w. Let o = 139 - w. Calculate the greatest common divisor of o and 261.
29
Let n = -50 + 54. Let c(q) = 4*q**2 - 3*q + 11. Let l be c(n). Suppose -9 - l = -6*y. What is the greatest common factor of 8 and y?
4
Let a(w) = w**3 - 43*w + 140. Let m be a(7). Calculate the greatest common divisor of 378 and m.
14
Let r(p) be the first derivative of -p**4/4 + 11*p**3/3 + 10*p**2 - 94*p - 19. Let o be r(12). What is the greatest common factor of o and 26?
2
Let k be ((-5)/30)/(2/18)*-6. Let z be -3 - 386*(-9)/6. Calculate the highest common divisor of z and k.
9
Let s(x) = -x**3 + 6*x**2 - 5*x - 6. Let y be s(5). Let w be 14*(-6)/12*(y + -1). Calculate the greatest common factor of 392 and w.
49
Suppose -1947 - 2973 = -60*w. Calculate the greatest common factor of 2 and w.
2
Let v(y) = -y**3 + 16*y**2 - 25*y + 10. Let g be v(2). Suppose 4*x = 3*x - 3*m + 43, 0 = -x - 4*m + 44. Calculate the greatest common divisor of x and g.
8
Suppose -89 = 11*c + 65. Let j(q) = q**3 + 15*q**2 - 9*q - 16. Let m be j(c). Let i = -64 - -98. Calculate the greatest common divisor of m and i.
34
Let z be 366/4*(-280)/(-42). Calculate the greatest common divisor of 1647 and z.
61
Let g(v) = -12*v**3 - 4*v**2 - 7*v - 1. Let k be g(-2). Let p = k - 87. Calculate the greatest common factor of 258 and p.
6
Let c(n) be the third derivative of n**4/24 + 4*n**3/3 - 115*n**2. Let u be c(4). Calculate the highest common factor of 252 and u.
12
Let b = -348 - -474. Suppose -42 = -24*d + b. What is the greatest common divisor of d and 553?
7
Suppose 1368 = 4*z - 0*z. Let q be 96/(-60)*-5 + (10 - 0). Calculate the greatest common divisor of z and q.
18
Let p = 435 + -327. Let k be 24*(-1 - 21/(-6)). Let o be ((-12)/(-30))/(2/k). What is the greatest common factor of p and o?
12
Let d(o) = 154*o + 5351. Let g be d(44). What is the greatest common factor of g and 362?
181
Suppose 3*f - 2112 = 12*j, -5*f - 3*j + 1676 = -1982. Calculate the highest common factor of 91 and f.
91
Suppose -3*r + 28 = r. Suppose -8*d + 224 = -r*d. Suppose 0 = x - 29 + 1. Calculate the highest common divisor of d and x.
28
Suppose 14*j - 16*j = -44. Suppose j = -3*l - 8*l. Let r be (-1 - 3/4)/(l/72). What is the highest common factor of r and 42?
21
Suppose -5*p - 12*v + 12 = -332, 2*v - 14 = 0. Calculate the greatest common factor of p and 21372.
52
Suppose -3*n = j - 3065, 5*j + 1350 = n + 307. Calculate the greatest common factor of 99 and n.
33
Suppose -4*s = -k - 145392, -5*s - 39562 = k - 221284. Calculate the highest common factor of 17 and s.
17
Let m(v) = 96*v**2 + 17*v + 34. Let u be m(-6). Suppose 5846 = 6*k - u. Calculate the greatest common divisor of k and 57.
57
Let q = 33 + -36. Let g be (-64)/(-1*(q + 5)). What is the highest common divisor of g and 256?
32
Let s = 20 - 0. Let h be (1 - 0 - (s - 15))*-4. Suppose 61 = 2*c - 3*k, 0*c - 4*k = -c + 28. Calculate the highest common factor of h and c.
16
Suppose -m + 760 = 407. Suppose -356*r + 435 = -m*r. Calculate the highest common divisor of 29 and r.
29
Suppose 5*d - 201 = 499. Suppose -10*v = -2*v + 256. Let m be (-2 - (-30)/8)/((-2)/v). Calculate the greatest common divisor of d and m.
28
Suppose -50*c + 126 = 76*c. Calculate the greatest common factor of 1 and c.
1
Let c be (-2806)/69*441/(-6). Calculate the highest common divisor of c and 183.
61
Let a = 8541 + -6062. Calculate the highest common divisor of a and 148.
37
Let h be 98 - (-6 + 1) - 9. Calculate the highest common divisor of 235 and h.
47
Suppose 0 = 4*x - 10*x - 6. Let u be -2 + (24/30)/(x/(-5)). Let s be (-7)/u*(-3 - 1). Calculate the greatest common divisor of s and 42.
14
Let r = -42 + 90. Suppose -2*p = -11*d + 10*d + 58, 2*d - 2*p - 106 = 0. What is the highest common divisor of d and r?
48
Let k(p) = 52*p**2 - 97*p + 98. Let z be k(1). What is the greatest common divisor of z and 1696?
53
Let l be (-306 + 305)/((-2)/64768). Calculate the highest common